{"id":75,"date":"2008-02-11T20:42:30","date_gmt":"2008-02-11T20:42:30","guid":{"rendered":"http:\/\/www.macerie.org\/?page_id=75"},"modified":"2008-02-11T20:42:30","modified_gmt":"2008-02-11T20:42:30","slug":"radio","status":"publish","type":"page","link":"https:\/\/macerie.org\/index.php\/radio\/","title":{"rendered":"Radio"},"content":{"rendered":"<p>Ogni mercoled\u00ec dalle 15:30 alle 17:00 <strong>Macerie<\/strong> \u00e8 in diretta su <a href=\"http:\/\/www.radioblackout.org\/\" target=\"_blank\" rel=\"noopener noreferrer\">Radio Blackout<\/a> 105.250FM o via <a href=\"http:\/\/radioblackout.org\/streaming\/\" target=\"_blank\" rel=\"noopener noreferrer\">streaming<\/a>.<\/p>\n<p>Per ascoltare i podcast<strong>\u00a0<a href=\"http:\/\/radioblackout.org\/category\/trasmissioni\/macerie\/\" target=\"_blank\" rel=\"noopener noreferrer\"> http:\/\/radioblackout.org\/category\/trasmissioni\/macerie\/<\/a><\/strong><\/p>\n<p style=\"text-align: center\"><a href=\"https:\/\/macerie.org\/wp-content\/uploads\/2017\/02\/cropped-cropped-cropped-cropped-testa_rbo_pugno-2.png\" title=\"cropped-cropped-cropped-cropped-testa_rbo_pugno-2.png\"><img decoding=\"async\" src=\"https:\/\/macerie.org\/wp-content\/uploads\/2017\/02\/cropped-cropped-cropped-cropped-testa_rbo_pugno-2.png\" alt=\"cropped-cropped-cropped-cropped-testa_rbo_pugno-2.png\" \/><\/a><\/p>\n<p><strong>Archivio<\/strong><\/p>\n<p>\/\/Macerie su macerie\/\/ gioved\u00ec 23 aprile<br \/>\n<em>Redeyef, Lampedusa, Torino: la lotta \u00e8 un virus, attraversa mari e monti; alpini in agguato; Milano: sgomberi e fogli di via; arrivano i redattori, e arrivano gli ospiti; basi militari, strade, ferrovie e convegni; \u00abno!&#8230; n\u00ec!&#8230; s\u00ec!\u00bb (su lotte, recupero, liste civiche); marpioni e petardi; Redeyef, Lampedusa, Torino, appunto.<br \/>\n<\/em><\/p>\n<p>[audio:https:\/\/macerie.org\/wp-content\/uploads\/2009\/04\/macerie-23-aprile.mp3]<br \/>\nOppure <a href=\"https:\/\/macerie.org\/wp-content\/uploads\/2009\/04\/macerie-23-aprile.mp3\">scarica il file mp3 [19MB]<\/a><\/p>\n<p>\/\/Macerie su macerie\/\/ gioved\u00ec 9 aprile<br \/>\n<em>Le lotte, in culo al governo; una intervista da Gradisca: la lotta, il coordinamento tra i centri e il racconto di una evasione; macerie in Abruzzo: chi sono gli sciacalli?, il coordinamento e la gerarchia, Carabinieri in fuga, la &#8220;new-town&#8221; e i neutrini del Gran Sasso, i militari nella testa; nuovi edifici che crollano; ci vediamo in corso Brunelleschi; Massimo Numa, diabolico.<br \/>\n<\/em><\/p>\n<p>[audio:https:\/\/macerie.org\/wp-content\/uploads\/2009\/04\/macerie-9-aprile.mp3]<br \/>\nOppure <a href=\"https:\/\/macerie.org\/wp-content\/uploads\/2009\/04\/macerie-9-aprile.mp3\">scarica il file mp3 [20MB]<\/a><\/p>\n<p>\/\/Macerie su macerie\/\/ gioved\u00ec 2 aprile<br \/>\n<em>Napoli: dalla caccia ai fasci in stazione alla caccia ai clandestini in ospedale, denunce e presidi. Ne parliamo con un compagno del Collettivo Universitario Autorganizzato. E poi Milano: anche i ricchi tremano, \u00e8 caccia ai manager. E a Torino: alpini e carabinieri in amore a porta palazzo? E, seriamente, sull&#8217;evasione dal Cpt di luned\u00ec: la libert\u00e0 si conquista. Infine, una bella lettera da Lampedusa. C&#8217;\u00e8 una sola guerra, e noi ci siamo.<\/em><br \/>\n[audio:https:\/\/macerie.org\/wp-content\/uploads\/2009\/04\/macerie-19-marzo.mp3]<br \/>\nOppure <a href=\"https:\/\/macerie.org\/wp-content\/uploads\/2009\/04\/macerie_2_aprile.mp3\">scarica il file mp3 [9MB]<\/a><\/p>\n<p>\/\/Macerie su macerie\/\/ gioved\u00ec 26 marzo<\/p>\n<p><em>\u00a0&#8220;La7&#8221; ti aspetta sotto: comunicazione s\u00ec, giornalisti vaffanculo ; in diretta da Milano: con i vicini di casa e con i compagni, resistere agli sgomberi ; \u00abma io vi voglio bene!\u00bb ; la guerra i ricchi, unico antidoto alla guerra tra poveri ; la merda: i padroni allo specchio ; aprire la porta, a chi?: la paura pu\u00f2 cambiare di campo ; il supervertice e la merda ; i cortei e&#8230; ; la ribalta ; ma&#8230; chi ha aperto i Cpt? ; in diretta da Ponte Galeria: una vita normale.<\/em><\/p>\n<p>[audio:https:\/\/macerie.org\/wp-content\/uploads\/2009\/04\/macerie-26-marzo.mp3]<br \/>\n<a href=\"https:\/\/macerie.org\/wp-content\/uploads\/2009\/04\/macerie-26-marzo.mp3\">Oppure scarica il file mp3 [20MB]<\/a><\/p>\n<p>\/\/Macerie su macerie\/\/ gioved\u00ec 19 marzo<\/p>\n<p><em>Indovina cosa preoccupa &#8220;il manifesto&#8221;?; no, non possiamo pi\u00f9 aspettare: baci abbracci e scioperi selvaggi; il gancio di Luca; la polizia e l&#8217;ordine pubblico; pensa pensa pensa&#8230; siamo davvero pochi?; le idee piratesche e i capricorni al microfono; vi piace la Grecia? allora state qua, e sbattetevi ; angelus novus, il cosmo e la volont\u00e0; le immagini da Corso Brunelleschi: cosa aspettiamo?; \u00abfuoco ai Cpt\u00bb, non uno slogan ma una prospettiva; il Cpt \u00e8 ovunque; in diretta: casino all&#8217;Universit\u00e0; quasi in diretta: un altro morto dentro a un Cpt; i lager non sono il passato.<\/em><br \/>\n[audio:https:\/\/macerie.org\/wp-content\/uploads\/2008\/11\/macerie-6-novembre.mp3]<br \/>\n<a href=\"https:\/\/macerie.org\/wp-content\/uploads\/2009\/04\/macerie-19-marzo.mp3\">Oppure scarica il file mp3 [19MB]<\/a><\/p>\n<p>\/\/Macerie su macerie\/\/ gioved\u00ec 12 marzo<\/p>\n<p><em>La situazione nei Cpt; in diretta da Bologna: castrazione chimica per i leghisti e celere sul tram ; \u00abStato di Polizia?\u00bb: ci stanno lavorando ; in diretta dal Cpt di Bologna: cinque volte dentro al Centro ; e poi una voce dal reparto femminile  ; ora tocca a Torino: \u00abnon mi vogliono espellere!\u00bb ; a Lecco, la guerra comincia a scuola.<\/em><br \/>\n[audio:https:\/\/macerie.org\/wp-content\/uploads\/2009\/04\/macerie-su-macerie-12-marzo.mp3]<br \/>\nOppure <a href=\"https:\/\/macerie.org\/wp-content\/uploads\/2009\/04\/macerie-su-macerie-12-marzo.mp3\">scarica il file mp3 [20MB]<\/a><\/p>\n<p>\/\/Macerie su macerie\/\/ gioved\u00ec 5 marzo<\/p>\n<p><em>Pizzicato da un corteo: la citt\u00e0, lo sciopero e i nostri inviati ; ambulanti vs anarchici e cortei al mercato ; Carossa, Borghezio: cadiamoci, nelle provocazioni, cadiamoci. ; commercianti, ordine e disciplina ; \u00abnon davanti alla mia porta\u00bb ; spezzari i fronti ; dai commercianti ai preti: \u00e8 l&#8217;ora di Pizzamiglio ; in diretta: cariche all&#8217;unione industriale ; \u00abi marocchini? peggio degli zingari!\u00bb, parola di prete ; ancora dall&#8217;Unione industriale: \u00abmade in Italy?\u00bb.<\/em><\/p>\n<p>[audio:https:\/\/macerie.org\/wp-content\/uploads\/2009\/04\/macerie-5-marzo.mp3]<br \/>\nOppure <a href=\"https:\/\/macerie.org\/wp-content\/uploads\/2009\/04\/macerie-5-marzo.mp3\">scarica il file mp3 [20MB]<\/a><\/p>\n<p>\/\/Macerie su macerie\/\/ gioved\u00ec 6 novembre<br \/>\n<em>No no, non parliamo di Obama; il naso fuori dalle universit\u00e0, i piedi nella strada (per essere una vera minaccia); sono un ribelle, parola di Adriano; Chivasso: i carabinieri a scuola, con il mitra!; Milano: ci stanno inchiappettando?; sono un tranviere e voglio fare il tranviere, non lo sbirro!; pi\u00f9 fondi alla ricerca? (universit\u00e0, fronti di guerra e il mondo che c&#8217;\u00e8); le ultime imprese di Torino Cronaca, e dei suoi amici reporter.<\/em><br \/>\n[audio:https:\/\/macerie.org\/wp-content\/uploads\/2008\/11\/macerie-6-novembre.mp3]<br \/>\nOppure <a href=\"https:\/\/macerie.org\/wp-content\/uploads\/2008\/11\/macerie-6-novembre.mp3\">scarica il file mp3 [20MB]<\/a><\/p>\n<p>\/\/Macerie su macerie\/\/ gioved\u00ec 25 settembre<br \/>\n<em>Da Castelvolturno a Milano, la nascita del movimento antirazzista reale; ancora sugli alpini a Torino, un giorno di caccia e di festa; il divietismo dilaga, ora anche sui treni; carabinieri all&#8217;universit\u00e0 e sgombero di una palazzina universitaria; notizie dal mondo: panico in una banca di Hong Kong, luddismo e padroni linciati in India.<\/em><br \/>\n[audio:https:\/\/macerie.org\/wp-content\/uploads\/2008\/09\/macerie-25-settembre.mp3]<br \/>\nOppure <a href=\"https:\/\/macerie.org\/wp-content\/uploads\/2008\/09\/macerie-25-settembre.mp3\">scarica il file mp3 [18MB]<\/a><\/p>\n<p>\/\/Macerie su macerie\/\/ gioved\u00ec 18 settembre<br \/>\n<em>Pirati nella tempesta (contro il presomalismo); caccia all&#8217;alpino e bivacco generale: lo stato di eccezione effettivo che (forse) sarebbe piaciuto a Benjamin; lo sgombero di via Pisa e il processo a un antirazzista, un&#8217;assessore isterica e un altro processo: ovvero storie di violenza e resistenza; scritte contro l&#8217;utopia del carcere e altro, dal diritto e dal rovescio.<\/em><br \/>\n[audio:https:\/\/macerie.org\/wp-content\/uploads\/2008\/09\/macerie-18-settembre.mp3]<br \/>\nOppure <a href=\"https:\/\/macerie.org\/wp-content\/uploads\/2008\/09\/macerie-18-settembre.mp3\">scarica il file mp3 [17MB]<\/a><\/p>\n<p>\/\/Macerie su macerie\/\/ gioved\u00ec 10 luglio<br \/>\n<em>Maja non c&#8217;\u00e8; via Pisa: \u00abavete fatto bene!\u00bb, una occupazione che va da s\u00e9; da via Pisa a Pisa; da Pisa a Milano; da Milano di nuovo a Torino e a Bologna: tre Cpt in lotta; Juan \u00e8 libero, Mike ancora no; economia politica a Grugliasco: a cosa serve il razzismo?; il ritorno dell&#8217;etnia; il muro di Ferrara e la birra antirazzista; il paese dei Campi; il diritto e il rovescio. <\/em><br \/>\n[audio:https:\/\/macerie.org\/wp-content\/uploads\/2008\/07\/macerie-10-luglio.mp3]<br \/>\nOppure <a href=\"https:\/\/macerie.org\/wp-content\/uploads\/2008\/07\/macerie-10-luglio.mp3\">scarica il file mp3 [25MB]<\/a><\/p>\n<p>\/\/Macerie su macerie\/\/ gioved\u00ec 5 giugno<br \/>\n<em>Una settimana di lotta fuori e dentro al Cpt; da Brescia, la chiamata alle armi dei leghisti; cosa sono le nutrie?; l&#8217;operazione Baldacci.<\/em><br \/>\n[audio:https:\/\/macerie.org\/wp-content\/uploads\/2008\/06\/macerie5giugno2008.mp3]<br \/>\nOppure <a href=\"https:\/\/macerie.org\/wp-content\/uploads\/2008\/06\/macerie5giugno2008.mp3\">scarica il file mp3 [22MB]<\/a><\/p>\n<p>\/\/Macerie su macerie\/\/ gioved\u00ec 31 maggio<br \/>\n<em>I primi giorni di lotta dentro al Cpt; una espulsione in diretta; due deejay, una compagnia aerea e una funzionaria sbadata; via di corsa di fronte al Cpt.<\/em><br \/>\n[audio:https:\/\/macerie.org\/wp-content\/uploads\/2008\/06\/macerie29maggio2008.mp3]<br \/>\nOppure <a href=\"https:\/\/macerie.org\/wp-content\/uploads\/2008\/06\/macerie29maggio2008.mp3\">scarica il file mp3 [20,2MB]<\/a><\/p>\n","protected":false},"excerpt":{"rendered":"<p>Ogni mercoled\u00ec dalle 15:30 alle 17:00 Macerie \u00e8 in diretta su Radio Blackout 105.250FM o<\/p>\n","protected":false},"author":1,"featured_media":0,"parent":0,"menu_order":0,"comment_status":"closed","ping_status":"open","template":"","meta":{"footnotes":""},"class_list":["post-75","page","type-page","status-publish","hentry"],"_links":{"self":[{"href":"https:\/\/macerie.org\/index.php\/wp-json\/wp\/v2\/pages\/75","targetHints":{"allow":["GET"]}}],"collection":[{"href":"https:\/\/macerie.org\/index.php\/wp-json\/wp\/v2\/pages"}],"about":[{"href":"https:\/\/macerie.org\/index.php\/wp-json\/wp\/v2\/types\/page"}],"author":[{"embeddable":true,"href":"https:\/\/macerie.org\/index.php\/wp-json\/wp\/v2\/users\/1"}],"replies":[{"embeddable":true,"href":"https:\/\/macerie.org\/index.php\/wp-json\/wp\/v2\/comments?post=75"}],"version-history":[{"count":0,"href":"https:\/\/macerie.org\/index.php\/wp-json\/wp\/v2\/pages\/75\/revisions"}],"wp:attachment":[{"href":"https:\/\/macerie.org\/index.php\/wp-json\/wp\/v2\/media?parent=75"}],"curies":[{"name":"wp","href":"https:\/\/api.w.org\/{rel}","templated":true}]}}